71.
17, 2419063
What are the prime factors of 55922969?
55922969
What are the prime factors of 2188066121?
101, 113, 191717
List the prime factors of 13799167.
79, 174673
What are the prime factors of 892533756?
2, 3, 41, 1069, 1697
List the prime factors of 642302324.
2, 23, 29, 240743
What are the prime factors of 3143827249?
349, 9008101
What are the prime factors of 2832762018?
2, 3, 23, 359, 57179
List the prime factors of 613907359.
13, 47223643
What are the prime factors of 275587836?
2, 3, 22965653
What are the prime factors of 164009590?
2, 5, 16400959
List the prime factors of 45739760.
2, 5, 11, 51977
List the prime factors of 102128000.
2, 5, 13, 491
List the prime factors of 724214764.
2, 7, 13, 37, 53773
What are the prime factors of 220546182?
2, 3, 36757697
List the prime factors of 599213909.
7, 17, 269, 18719
List the prime factors of 2476864524.
2, 3, 1151, 179327
What are the prime factors of 10831092?
2, 3, 902591
List the prime factors of 1947432227.
13, 19, 41, 103, 1867
What are the prime factors of 17118536?
2, 2139817
List the prime factors of 219095255.
5, 773, 56687
List the prime factors of 138883739.
71, 1956109
What are the prime factors of 1342364454?
2, 3, 43, 673, 859
What are the prime factors of 64696325?
5, 89, 29077
List the prime factors of 2407237927.
17, 19, 199, 2203
What are the prime factors of 2685412733?
2685412733
What are the prime factors of 570848799?
3, 23, 1013, 8167
List the prime factors of 2953981269.
3, 10709, 30649
What are the prime factors of 499548185?
5, 1907, 52391
What are the prime factors of 814954668?
2, 3, 11, 131, 47129
What are the prime factors of 19763430?
2, 3, 5, 31, 79, 269
List the prime factors of 4380806623.
37, 101, 1172279
What are the prime factors of 266723527?
7, 29, 101, 13009
List the prime factors of 293998327.
7, 31, 211, 6421
List the prime factors of 45314362.
2, 127, 178403
List the prime factors of 14908869.
3, 1656541
What are the prime factors of 4406191405?
5, 7, 11, 307, 3389
List the prime factors of 120352243.
11, 10941113
List the prime factors of 80738709.
3, 26912903
List the prime factors of 189215991.
3, 2437, 8627
What are the prime factors of 29061885?
3, 5, 1937459
What are the prime factors of 129864883?
73, 1778971
List the prime factors of 6312673100.
2, 5, 63126731
List the prime factors of 1002024951.
3, 5839, 57203
List the prime factors of 32052766.
2, 499, 32117
What are the prime factors of 997275695?
5, 13, 227, 67589
What are the prime factors of 166072845?
3, 5, 673, 16451
List the prime factors of 4414772513.
23, 191946631
What are the prime factors of 134603463?
3, 941, 47681
What are the prime factors of 116931622?
2, 271, 443, 487
List the prime factors of 492101964.
2, 3, 13669499
List the prime factors of 85292860.
2, 5, 409, 10427
What are the prime factors of 118033845?
3, 5, 7868923
List the prime factors of 401541167.
41, 9793687
List the prime factors of 4123856318.
2, 29, 769, 92459
What are the prime factors of 3113572870?
2, 5, 311357287
List the prime factors of 378862971.
3, 127, 994391
What are the prime factors of 67771311?
3, 43, 525359
What are the prime factors of 16510953?
3, 457, 12043
What are the prime factors of 56935817?
3347, 17011
List the prime factors of 64243448.
2, 59, 131, 1039
List the prime factors of 7404606830.
2, 5, 29, 181, 141067
List the prime factors of 152094647.
29, 5244643
List the prime factors of 7582290.
2, 3, 5, 31, 263
List the prime factors of 63973833.
3, 7, 11, 23, 12041
List the prime factors of 2811570907.
997, 2820031
List the prime factors of 339832518.
2, 3, 19, 41, 72707
What are the prime factors of 68491272?
2, 3, 29, 98407
List the prime factors of 1036785302.
2, 7, 1361, 54413
What are the prime factors of 28827496?
2, 3603437
What are the prime factors of 323093911?
7, 157, 293989
What are the prime factors of 2214245355?
3, 5, 7, 3469, 6079
List the prime factors of 498897429.
3, 166299143
What are the prime factors of 1392063641?
59, 149, 158351
What are the prime factors of 173138927?
13, 13318379
What are the prime factors of 1096596807?
3, 29, 12604561
List the prime factors of 472437622.
2, 19, 12432569
List the prime factors of 670050009.
3, 53, 468239
List the prime factors of 48430135.
5, 13, 263, 2833
What are the prime factors of 640542199?
11, 58231109
List the prime factors of 574362033.
3, 7, 131, 281, 743
List the prime factors of 8751448.
2, 101, 10831
What are the prime factors of 21923308?
2, 11, 498257
List the prime factors of 7099124850.
2, 3, 5, 19, 59, 4691
What are the prime factors of 561002624?
2, 7, 13, 48163
What are the prime factors of 2246296547?
11, 17, 12012281
List the prime factors of 2017945855.
5, 403589171
What are the prime factors of 251942151?
3, 71, 313, 3779
What are the prime factors of 293093762?
2, 13, 43, 317, 827
What are the prime factors of 2079604657?
13, 43, 286171
What are the prime factors of 36262144?
2, 141649
What are the prime factors of 109877971?
7, 139, 112927
What are the prime factors of 30052378?
2, 53, 509, 557
List the prime factors of 3758755723.
97, 38750059
What are the prime factors of 3392198758?
2, 13, 541, 1427
What are the prime factors of 869997221?
151, 1091, 5281
What are the prime factors of 474593258?
2, 97, 2446357
List the prime factors of 22452111.
3, 11, 226789
List the prime factors of 631843016.
2, 7, 631, 17881
What are the prime factors of 360818163?
3, 41, 601, 1627
List the prime factors of 47792963.
1447, 33029
List the prime factors of 360809868.
2, 3, 31, 969919
What are the prime factors of 2573510289?
3, 7, 122548109
List the prime factors of 195734379.
3, 17, 139, 27611
What are the prime factors of 1556349665?
5, 13, 691, 34651
What are the prime factors of 4482026527?
11, 19, 79, 353, 769
List the prime factors of 77443874.
2, 17, 47, 48463
List the prime factors of 1715732690.
2, 5, 7, 173, 141679
List the prime factors of 607106425.
5, 24284257
List the prime factors of 196625415.
3, 5, 7, 1872623
What are the prime factors of 46669509?
3, 449, 11549
List the prime factors of 23451107.
139, 168713
What are the prime factors of 5979591118?
2, 17, 19, 59, 156887
What are the prime factors of 171860206?
2, 7, 19, 29, 22279
List the prime factors of 203977855.
5, 37, 1102583
What are the prime factors of 30177222?
2, 3, 5029537
What are the prime factors of 61010315?
5, 2549, 4787
What are the prime factors of 44830039?
71, 631409
What are the prime factors of 2787113571?
3, 11, 84457987
List the prime factors of 362700278.
2, 181350139
What are the prime factors of 1308543757?
61, 21451537
List the prime factors of 8466879.
3, 179, 15767
List the prime factors of 59460723.
3, 7, 104869
List the prime factors of 342973659.
3, 7, 61, 267739
List the prime factors of 99762021.
3, 43, 257783
What are the prime factors of 1172796811?
1523, 770057
What are the prime factors of 14379481?
14379481
List the prime factors of 348238670.
2, 5, 13, 29, 71, 1301
What are the prime factors of 1661812405?
5, 11, 30214771
What are the prime factors of 819031844?
2, 204757961
List the prime factors of 41825375.
5, 334603
What are the prime factors of 145737458?
2, 72868729
List the prime factors of 2332057974.
2, 3, 388676329
What are the prime factors of 83623647?
3, 31, 899179
List the prime factors of 45632368.
2, 23, 124001
List the prime factors of 1280059311.
3, 197, 2165921
What are the prime factors of 704877255?
3, 5, 173, 30181
List the prime factors of 62919958.
2, 17, 1850587
List the prime factors of 54780368.
2, 73, 46901
What are the prime factors of 18034749?
3, 2003861
What are the prime factors of 2538086866?
2, 7, 107, 701, 2417
List the prime factors of 248230544.
2, 499, 31091
List the prime factors of 1279916589.
3, 7, 19, 263, 12197
What are the prime factors of 2195830931?
7, 19, 137, 120511
List the prime factors of 506831300.
2, 5, 5068313
What are the prime factors of 7965927?
3, 885103
List the prime factors of 238613929.
181, 487, 2707
List the prime factors of 123498522.
2, 3, 7, 83, 241
List the prime factors of 921224853.
3, 37, 53, 127, 137
List the prime factors of 1407200028.
2, 3, 13, 109, 82757
List the prime factors of 1439689549.
109, 467, 28283
